1151042265
In base 16, what is -63de9d5 + -7?
-63de9dc
In base 14, what is 49dcb - b24?
492a7
In base 3, what is 100 - -22202121101010?
22202121101110
In base 5, what is -3221 - 1300201?
-1303422
In base 8, what is -26246701 + -2?
-26246703
In base 8, what is -1612 - -3443463?
3441651
In base 12, what is -8 - 9b92a?
-9b936
In base 5, what is -21014 + -1311422?
-1332441
In base 2, what is 1000111100 + -101000011101010?
-100111010101110
In base 6, what is 113 - 1135145?
-1135032
In base 8, what is 3 - -544405070?
544405073
In base 7, what is 4613 + -1316454?
-1311541
In base 10, what is -1945 - 11077?
-13022
In base 8, what is -7312172 - 13?
-7312205
In base 16, what is -5e + c13c0?
c1362
In base 13, what is -43c + 34c?
-c0
In base 13, what is -50b + -1cc71?
-2047c
In base 6, what is -420412140 + 4?
-420412132
In base 4, what is 2 - -311321120310?
311321120312
In base 4, what is 2 + -31210303312?
-31210303310
In base 9, what is 330 + 27505?
27835
In base 16, what is -6 + -6c5d35?
-6c5d3b
In base 11, what is -184410991 - 4?
-184410995
In base 9, what is 167 + -387326?
-387148
In base 8, what is -1 + 34760520?
34760517
In base 8, what is 347 - 2420262?
-2417713
In base 16, what is -77c - 20?
-79c
In base 3, what is 2 + 1122200220101000?
1122200220101002
In base 14, what is 43 + 104b6?
10519
In base 13, what is 278319 - 4?
278315
In base 4, what is -2301302210 - -101?
-2301302103
In base 7, what is -13 + 20660344?
20660331
In base 14, what is -3 - -6a63b05?
6a63b02
In base 9, what is -6444 + -80?
-6534
In base 9, what is 2 - -22502287?
22502300
In base 13, what is 5 + 3b4594?
3b4599
In base 5, what is -103004 + -141330?
-244334
In base 2, what is -101011000111001100 - 111011111111?
-101100000011001011
In base 15, what is -347b + 0?
-347b
In base 4, what is -31312 - -1313010030?
1312312112
In base 9, what is 284037600 - -2?
284037602
In base 13, what is 2ca - 4198?
-3b9b
In base 6, what is -1 + -123351122?
-123351123
In base 10, what is -32948142 - -2?
-32948140
In base 14, what is 79a + -4790?
-3dd4
In base 10, what is -26427133 - 7?
-26427140
In base 4, what is -202 - 330321102323?
-330321103131
In base 2, what is -111100010000010010001 + -110000?
-111100010000011000001
In base 12, what is -342a58 + 14?
-342a44
In base 13, what is 938 - 4abb?
-4183
In base 16, what is -1aa8132 - 0?
-1aa8132
In base 6, what is 4131 - -1303545?
1312120
In base 15, what is -92a1 - -4e2d?
-4373
In base 6, what is 2110 - -20320523?
20323033
In base 16, what is 332 + -1a84be?
-1a818c
In base 8, what is 177465 - -374?
200061
In base 3, what is 20 - -202102212010120?
202102212010210
In base 7, what is -145630 - -44665?
-100632
In base 5, what is 32310432 - -2311?
32313243
In base 2, what is -1101110110000 - -100000100111001?
10010110001001
In base 8, what is 5 + -63640542?
-63640535
In base 14, what is -1a3366b - -4?
-1a33667
In base 3, what is 2111012000202012 + 21?
2111012000202110
In base 6, what is -15204433 - -1?
-15204432
In base 12, what is a3b58 - -6b?
a4007
In base 16, what is db90 + -1f1?
d99f
In base 10, what is -20407 - 97?
-20504
In base 14, what is dc0a - 8b?
db5d
In base 11, what is -94a44a33 + 2?
-94a44a31
In base 15, what is -77cdd + 2b?
-77cb2
In base 13, what is 1121c95 - 0?
1121c95
In base 3, what is 21012110201101 - 12?
21012110201012
In base 13, what is -101a4aa + 7?
-101a4a3
In base 16, what is 10145f - -3?
101462
In base 4, what is -333030 + -22323?
-1022013
In base 8, what is -104 + 15773475?
15773371
In base 2, what is 100001100001001 - 1000101010?
100000011011111
In base 10, what is 114 - -2433668?
2433782
In base 2, what is -110110 - 101011111100101011111011?
-101011111100101100110001
In base 4, what is 3322101 - -10110330?
20033031
In base 10, what is 16954 - 1427?
15527
In base 8, what is 370 + 133060?
133450
In base 15, what is -da1 + 3106?
2255
In base 5, what is 42222042 - 23?
42222014
In base 6, what is 1 - -5024145423?
5024145424
In base 3, what is -2020202002 + 1011211?
-2012120021
In base 15, what is -126673c - -5?
-1266737
In base 10, what is 30 - 44949?
-44919
In base 11, what is -2 - -456618?
456616
In base 8, what is -15243100 + -1?
-15243101
In base 5, what is 20110323 + -12112?
20043211
In base 3, what is 10 - -201221201211210?
201221201211220
In base 3, what is -10 - 10200012211221?
-10200012212001
In base 7, what is -4046 + 11406?
4330
In base 14, what is -80 - -372?
2d2
In base 5, what is 30014422032 + 20?
30014422102
In base 8, what is 305700 - -134?
306034
In base 4, what is 1212330 - 1031?
1211233
In base 2, what is 1011001010 - 11011110101110010?
-11011101010101000
In base 4, what is 1 - 122200331111?
-122200331110
In base 4, what is -1033331310 - 111?
-1033332021
In base 4, what is 122223121 + -1000?
122222121
In base 9, what is -10 - -26303631?
26303621
In base 14, what is -12d1 - -80a1?
6bb0
In base 7, what is -45266341621 + 2?
-45266341616
In base 6, what is 1251111 - -22111?
1313222
In base 6, what is 1040 - 1011141?
-1010101
In base 15, what is 11 - 198b991?
-198b980
In base 13, what is 0 + 77a34?
77a34
In base 6, what is 255514311 - 4?
255514303
In base 10, what is -17 - -130913?
130896
In base 8, what is -5 + -4062765?
-4062772
In base 16, what is 4 - 1343bc5?
-1343bc1
In base 3, what is 20 - 1120212201201122?
-1120212201201102
In base 4, what is -3 - 3130211210?
-3130211213
In base 7, what is 6 - 46221545?
-46221536
In base 8, what is -212752602 + 3?
-212752577
In base 4, what is 3332032132330 - 0?
3332032132330
In base 8, what is -2257117 - -315?
-2256602
In base 9, what is -44 + 3723074?
3723030
In base 13, what is 110977c4 + 5?
110977c9
In base 11, what is 17 - -1621230?
1621247
In base 5, what is -4041423 - -121442?
-3414431
In base 4, what is -131121 + -103011030?
-103202211
In base 9, what is 5 - -20880362?
20880367
In base 11, what is a94441 + 12?
a94453
In base 2, what is 1001110011 - 1000100111100?
-111011001001
In base 2, what is -1011000 + 101101001010011110011?
101101001010010011011
In base 3, what is -11221011 - 1020020?
-20011101
In base 4, what is -302211101303011 - -10?
-302211101303001
In base 6, what is 1 + 1442043343?
1442043344
In base 13, what is 1ca + 25b3?
27b0
In base 5, what is 14 + 2201434141?
2201434210
In base 13, what is -1226485 + -21?
-12264a6
In base 2, what is -1011010100000100100111 - -101110110?
-1011010011111110110001
In base 7, what is 0 - 34444454?
-34444454
In base 2, what is -1100101111 - 100110000000100110?
-100110001101010101
In base 15, what is 130962 - -24?
130986
In base 12, what is a78 + -111894?
-110a18
In base 8, what is -2257 + 25341?
23062
In base 13, what is 5027a43 + 1?
5027a44
In base 4, what is 12321213 + 1012101?
13333320
In base 10, what is -973930 + 28?
-973902
In base 8, what is -26037224 + -327?
-26037553
In base 6, what is -1542214353 + -5?
-1542214402
In base 13, what is -361 - -17497?
17136
In base 15, what is -1e5ebb - -4?
-1e5eb7
In base 8, what is 1073033 + 21?
1073054
In base 10, what is -30153 + 489?
-29664
In base 6, what is 0 + -4554051123?
-4554051123
In base 3, what is 11 - 10212102010022?
-10212102010011
In base 12, what is 65aa798 - 29?
65aa76b
In base 10, what is -6649 + 4868?
-1781
In base 12, what is -7703b3b - 2a?
-7703b69
In base 9, what is -1720 + -1067?
-2787
In base 5, what is 1124201 + 1343?
1131044
In base 10, what is 7 - -305849?
305856
In base 6, what is -105311321 + 222?
-105311055
In base 13, what is -68a69 + 88?
-689b1
In base 16, what is 2b353c - -1?
2b353d
In base 15, what is -31d8003 - a?
-31d800d
In base 11, what is 1650863 - -81?
1650934
In base 14, what is d1b - 1265?
-348
In base 11, what is -1 + -44a3186?
-44a3187
In base 14, what is -3 - -982a92?
982a8d
In base 12, what is 14106 + 462?
14568
In base 15, what is -3 + -2c096?
-2c099
In base 7, what is 35 + 300513433?
300513501
In base 9, what is 8677 + 3401?
13178
In base 11, what is 14799884 - 5?
1479987a
In base 8, what is -2 + 1037173750?
1037173746
In base 11, what is -a9a032 - 396?
-a9a418
In base 10, what is -7391594 + -7?
-7391601
In base 2, what is 10010100101110101000 + 10100111000?
10010101000011100000
In base 6, what is 253440023 - 32?
253435551
In base 12, what is -3 - -20873560?
20873559
In base 7, what is 11056 - -1341?
12430
In base 7, what is -6203 -